{"id":328,"date":"2020-11-04T15:50:05","date_gmt":"2020-11-04T14:50:05","guid":{"rendered":"http:\/\/bowlheme.com\/?page_id=328"},"modified":"2021-02-01T13:52:40","modified_gmt":"2021-02-01T12:52:40","slug":"la-collection-du-moment","status":"publish","type":"page","link":"https:\/\/bowlheme.com\/?page_id=328","title":{"rendered":"Les saveurs"},"content":{"rendered":"\t\t<div data-elementor-type=\"wp-page\" data-elementor-id=\"328\" class=\"elementor elementor-328\" data-elementor-settings=\"[]\">\n\t\t\t\t\t\t<div class=\"elementor-inner\">\n\t\t\t\t\t\t\t<div class=\"elementor-section-wrap\">\n\t\t\t\t\t\t\t<section class=\"elementor-section elementor-top-section elementor-element elementor-element-757eb84 elementor-section-boxed elementor-section-height-default elementor-section-height-default\" data-id=\"757eb84\" data-element_type=\"section\" data-settings=\"{&quot;background_background&quot;:&quot;classic&quot;}\">\n\t\t\t\t\t\t<div class=\"elementor-container elementor-column-gap-default\">\n\t\t\t\t\t\t\t<div class=\"elementor-row\">\n\t\t\t\t\t<div class=\"elementor-column elementor-col-100 elementor-top-column elementor-element elementor-element-8332abf\" data-id=\"8332abf\" data-element_type=\"column\">\n\t\t\t<div class=\"elementor-column-wrap elementor-element-populated\">\n\t\t\t\t\t\t\t<div class=\"elementor-widget-wrap\">\n\t\t\t\t\t\t<div class=\"elementor-element elementor-element-30eb738 elementor-widget elementor-widget-spacer\" data-id=\"30eb738\" data-element_type=\"widget\" data-widget_type=\"spacer.default\">\n\t\t\t\t<div class=\"elementor-widget-container\">\n\t\t\t\t\t<div class=\"elementor-spacer\">\n\t\t\t<div class=\"elementor-spacer-inner\"><\/div>\n\t\t<\/div>\n\t\t\t\t<\/div>\n\t\t\t\t<\/div>\n\t\t\t\t\t\t<\/div>\n\t\t\t\t\t<\/div>\n\t\t<\/div>\n\t\t\t\t\t\t\t\t<\/div>\n\t\t\t\t\t<\/div>\n\t\t<\/section>\n\t\t\t\t<section class=\"elementor-section elementor-top-section elementor-element elementor-element-6ea4f72f elementor-section-boxed elementor-section-height-default elementor-section-height-default\" data-id=\"6ea4f72f\" data-element_type=\"section\" data-settings=\"{&quot;background_background&quot;:&quot;classic&quot;}\">\n\t\t\t\t\t\t<div class=\"elementor-container elementor-column-gap-default\">\n\t\t\t\t\t\t\t<div class=\"elementor-row\">\n\t\t\t\t\t<div class=\"elementor-column elementor-col-50 elementor-top-column elementor-element elementor-element-45779ca7\" data-id=\"45779ca7\" data-element_type=\"column\">\n\t\t\t<div class=\"elementor-column-wrap elementor-element-populated\">\n\t\t\t\t\t\t\t<div class=\"elementor-widget-wrap\">\n\t\t\t\t\t\t<div class=\"elementor-element elementor-element-79223897 elementor-widget elementor-widget-image\" data-id=\"79223897\" data-element_type=\"widget\" data-widget_type=\"image.default\">\n\t\t\t\t<div class=\"elementor-widget-container\">\n\t\t\t\t\t<div class=\"elementor-image\">\n\t\t\t\t\t\t\t\t\t\t<img width=\"300\" height=\"300\" src=\"https:\/\/bowlheme.com\/wp-content\/uploads\/2020\/11\/9-300x300.jpg\" class=\"attachment-medium size-medium\" alt=\"\" loading=\"lazy\" srcset=\"https:\/\/bowlheme.com\/wp-content\/uploads\/2020\/11\/9-300x300.jpg 300w, https:\/\/bowlheme.com\/wp-content\/uploads\/2020\/11\/9-1024x1024.jpg 1024w, https:\/\/bowlheme.com\/wp-content\/uploads\/2020\/11\/9-150x150.jpg 150w, https:\/\/bowlheme.com\/wp-content\/uploads\/2020\/11\/9-768x768.jpg 768w, https:\/\/bowlheme.com\/wp-content\/uploads\/2020\/11\/9-1536x1536.jpg 1536w, https:\/\/bowlheme.com\/wp-content\/uploads\/2020\/11\/9.jpg 2048w, https:\/\/bowlheme.com\/wp-content\/uploads\/2020\/11\/9-1140x1140.jpg 1140w, https:\/\/bowlheme.com\/wp-content\/uploads\/2020\/11\/9-75x75.jpg 75w\" sizes=\"(max-width: 300px) 100vw, 300px\" \/>\t\t\t\t\t\t\t\t\t\t\t<\/div>\n\t\t\t\t<\/div>\n\t\t\t\t<\/div>\n\t\t\t\t<div class=\"elementor-element elementor-element-3f54098b elementor-widget elementor-widget-image\" data-id=\"3f54098b\" data-element_type=\"widget\" data-widget_type=\"image.default\">\n\t\t\t\t<div class=\"elementor-widget-container\">\n\t\t\t\t\t<div class=\"elementor-image\">\n\t\t\t\t\t\t\t\t\t\t<img width=\"300\" height=\"300\" src=\"https:\/\/bowlheme.com\/wp-content\/uploads\/2020\/11\/7-300x300.jpg\" class=\"attachment-medium size-medium\" alt=\"\" loading=\"lazy\" srcset=\"https:\/\/bowlheme.com\/wp-content\/uploads\/2020\/11\/7-300x300.jpg 300w, https:\/\/bowlheme.com\/wp-content\/uploads\/2020\/11\/7-1024x1024.jpg 1024w, https:\/\/bowlheme.com\/wp-content\/uploads\/2020\/11\/7-150x150.jpg 150w, https:\/\/bowlheme.com\/wp-content\/uploads\/2020\/11\/7-768x768.jpg 768w, https:\/\/bowlheme.com\/wp-content\/uploads\/2020\/11\/7-1536x1536.jpg 1536w, https:\/\/bowlheme.com\/wp-content\/uploads\/2020\/11\/7.jpg 2048w, https:\/\/bowlheme.com\/wp-content\/uploads\/2020\/11\/7-1140x1140.jpg 1140w, https:\/\/bowlheme.com\/wp-content\/uploads\/2020\/11\/7-75x75.jpg 75w\" sizes=\"(max-width: 300px) 100vw, 300px\" \/>\t\t\t\t\t\t\t\t\t\t\t<\/div>\n\t\t\t\t<\/div>\n\t\t\t\t<\/div>\n\t\t\t\t<div class=\"elementor-element elementor-element-3badfe2b elementor-widget elementor-widget-image\" data-id=\"3badfe2b\" data-element_type=\"widget\" data-widget_type=\"image.default\">\n\t\t\t\t<div class=\"elementor-widget-container\">\n\t\t\t\t\t<div class=\"elementor-image\">\n\t\t\t\t\t\t\t\t\t\t<img width=\"300\" height=\"300\" src=\"https:\/\/bowlheme.com\/wp-content\/uploads\/2020\/11\/8-300x300.jpg\" class=\"attachment-medium size-medium\" alt=\"\" loading=\"lazy\" srcset=\"https:\/\/bowlheme.com\/wp-content\/uploads\/2020\/11\/8-300x300.jpg 300w, https:\/\/bowlheme.com\/wp-content\/uploads\/2020\/11\/8-1024x1024.jpg 1024w, https:\/\/bowlheme.com\/wp-content\/uploads\/2020\/11\/8-150x150.jpg 150w, https:\/\/bowlheme.com\/wp-content\/uploads\/2020\/11\/8-768x768.jpg 768w, https:\/\/bowlheme.com\/wp-content\/uploads\/2020\/11\/8-1536x1536.jpg 1536w, https:\/\/bowlheme.com\/wp-content\/uploads\/2020\/11\/8.jpg 2048w, https:\/\/bowlheme.com\/wp-content\/uploads\/2020\/11\/8-1140x1140.jpg 1140w, https:\/\/bowlheme.com\/wp-content\/uploads\/2020\/11\/8-75x75.jpg 75w\" sizes=\"(max-width: 300px) 100vw, 300px\" \/>\t\t\t\t\t\t\t\t\t\t\t<\/div>\n\t\t\t\t<\/div>\n\t\t\t\t<\/div>\n\t\t\t\t<div class=\"elementor-element elementor-element-67a92bf elementor-widget elementor-widget-spacer\" data-id=\"67a92bf\" data-element_type=\"widget\" data-widget_type=\"spacer.default\">\n\t\t\t\t<div class=\"elementor-widget-container\">\n\t\t\t\t\t<div class=\"elementor-spacer\">\n\t\t\t<div class=\"elementor-spacer-inner\"><\/div>\n\t\t<\/div>\n\t\t\t\t<\/div>\n\t\t\t\t<\/div>\n\t\t\t\t\t\t<\/div>\n\t\t\t\t\t<\/div>\n\t\t<\/div>\n\t\t\t\t<div class=\"elementor-column elementor-col-50 elementor-top-column elementor-element elementor-element-912a759\" data-id=\"912a759\" data-element_type=\"column\">\n\t\t\t<div class=\"elementor-column-wrap elementor-element-populated\">\n\t\t\t\t\t\t\t<div class=\"elementor-widget-wrap\">\n\t\t\t\t\t\t<div class=\"elementor-element elementor-element-62a03fb8 elementor-widget elementor-widget-heading\" data-id=\"62a03fb8\" data-element_type=\"widget\" data-widget_type=\"heading.default\">\n\t\t\t\t<div class=\"elementor-widget-container\">\n\t\t\t<h2 class=\"elementor-heading-title elementor-size-default\">Les saveurs du moment :<\/h2>\t\t<\/div>\n\t\t\t\t<\/div>\n\t\t\t\t<div class=\"elementor-element elementor-element-59bbb596 elementor-widget elementor-widget-text-editor\" data-id=\"59bbb596\" data-element_type=\"widget\" data-widget_type=\"text-editor.default\">\n\t\t\t\t<div class=\"elementor-widget-container\">\n\t\t\t\t\t<div class=\"elementor-text-editor elementor-clearfix\"><p>-Framboise<\/p><p>-Mangue\/Passion<\/p><\/div>\n\t\t\t\t<\/div>\n\t\t\t\t<\/div>\n\t\t\t\t<div class=\"elementor-element elementor-element-cad7253 elementor-widget elementor-widget-text-editor\" data-id=\"cad7253\" data-element_type=\"widget\" data-widget_type=\"text-editor.default\">\n\t\t\t\t<div class=\"elementor-widget-container\">\n\t\t\t\t\t<div class=\"elementor-text-editor elementor-clearfix\"><p>-Chocolat<\/p><p>-Chocolat orange<\/p><p>-Chocolat passion<\/p><p>-Nutella<\/p><\/div>\n\t\t\t\t<\/div>\n\t\t\t\t<\/div>\n\t\t\t\t<div class=\"elementor-element elementor-element-66cb7c38 elementor-widget elementor-widget-text-editor\" data-id=\"66cb7c38\" data-element_type=\"widget\" data-widget_type=\"text-editor.default\">\n\t\t\t\t<div class=\"elementor-widget-container\">\n\t\t\t\t\t<div class=\"elementor-text-editor elementor-clearfix\"><p>-Or\u00e9o<\/p><p>-Sp\u00e9culos<\/p><\/div>\n\t\t\t\t<\/div>\n\t\t\t\t<\/div>\n\t\t\t\t<div class=\"elementor-element elementor-element-f049706 elementor-widget elementor-widget-text-editor\" data-id=\"f049706\" data-element_type=\"widget\" data-widget_type=\"text-editor.default\">\n\t\t\t\t<div class=\"elementor-widget-container\">\n\t\t\t\t\t<div class=\"elementor-text-editor elementor-clearfix\"><p>-Pistache<\/p><p>-Pralin\u00e9<\/p><\/div>\n\t\t\t\t<\/div>\n\t\t\t\t<\/div>\n\t\t\t\t<div class=\"elementor-element elementor-element-d339739 elementor-widget elementor-widget-text-editor\" data-id=\"d339739\" data-element_type=\"widget\" data-widget_type=\"text-editor.default\">\n\t\t\t\t<div class=\"elementor-widget-container\">\n\t\t\t\t\t<div class=\"elementor-text-editor elementor-clearfix\"><p>-Vanille<\/p><p>-Mont Blanc<\/p><p>-Moka<\/p><p>-Rhum raisin<\/p><p>-Caramel au beurre sal\u00e9<\/p><\/div>\n\t\t\t\t<\/div>\n\t\t\t\t<\/div>\n\t\t\t\t<div class=\"elementor-element elementor-element-337db71 elementor-widget elementor-widget-text-editor\" data-id=\"337db71\" data-element_type=\"widget\" data-widget_type=\"text-editor.default\">\n\t\t\t\t<div class=\"elementor-widget-container\">\n\t\t\t\t\t<div class=\"elementor-text-editor elementor-clearfix\"><p>Si vous ne trouvez pas votre parfum favoris,<\/p><p>n&rsquo;h\u00e9sitez pas \u00e0 nous contacter.<\/p><p>Nous adorons d\u00e9velopper de nouvelles recettes<\/p><\/div>\n\t\t\t\t<\/div>\n\t\t\t\t<\/div>\n\t\t\t\t\t\t<\/div>\n\t\t\t\t\t<\/div>\n\t\t<\/div>\n\t\t\t\t\t\t\t\t<\/div>\n\t\t\t\t\t<\/div>\n\t\t<\/section>\n\t\t\t\t\t\t<\/div>\n\t\t\t\t\t\t<\/div>\n\t\t\t\t\t<\/div>\n\t\t","protected":false},"excerpt":{"rendered":"<p>Les saveurs du moment : -Framboise -Mangue\/Passion -Chocolat -Chocolat orange -Chocolat passion -Nutella -Or\u00e9o -Sp\u00e9culos -Pistache -Pralin\u00e9 -Vanille -Mont Blanc -Moka -Rhum raisin -Caramel au beurre sal\u00e9 Si vous ne trouvez pas votre parfum favoris, n&rsquo;h\u00e9sitez pas \u00e0 nous contacter. Nous adorons d\u00e9velopper de nouvelles recettes<\/p>\n","protected":false},"author":1,"featured_media":0,"parent":0,"menu_order":0,"comment_status":"closed","ping_status":"closed","template":"elementor_header_footer","meta":[],"_links":{"self":[{"href":"https:\/\/bowlheme.com\/index.php?rest_route=\/wp\/v2\/pages\/328"}],"collection":[{"href":"https:\/\/bowlheme.com\/index.php?rest_route=\/wp\/v2\/pages"}],"about":[{"href":"https:\/\/bowlheme.com\/index.php?rest_route=\/wp\/v2\/types\/page"}],"author":[{"embeddable":true,"href":"https:\/\/bowlheme.com\/index.php?rest_route=\/wp\/v2\/users\/1"}],"replies":[{"embeddable":true,"href":"https:\/\/bowlheme.com\/index.php?rest_route=%2Fwp%2Fv2%2Fcomments&post=328"}],"version-history":[{"count":21,"href":"https:\/\/bowlheme.com\/index.php?rest_route=\/wp\/v2\/pages\/328\/revisions"}],"predecessor-version":[{"id":782,"href":"https:\/\/bowlheme.com\/index.php?rest_route=\/wp\/v2\/pages\/328\/revisions\/782"}],"wp:attachment":[{"href":"https:\/\/bowlheme.com\/index.php?rest_route=%2Fwp%2Fv2%2Fmedia&parent=328"}],"curies":[{"name":"wp","href":"https:\/\/api.w.org\/{rel}","templated":true}]}}